{"id":310,"date":"2020-05-05T23:20:57","date_gmt":"2020-05-05T21:20:57","guid":{"rendered":"http:\/\/verstaendnis.net\/wordpress\/?page_id=310"},"modified":"2025-12-18T20:50:11","modified_gmt":"2025-12-18T19:50:11","slug":"ueber-mich","status":"publish","type":"page","link":"https:\/\/verstaendnis.net\/wordpress\/ueber-mich\/","title":{"rendered":"\u00dcber Mich"},"content":{"rendered":"\n<p>Mein Name ist <strong>Petra Friedrich<\/strong> und ich bin <strong>Heilpraktikerin f\u00fcr Psychotherapie<\/strong> aus Berufung und Leidenschaft.<\/p>\n\n\n\n<p>Seit meiner Jugend begleitet mich das Thema der <strong>Pers\u00f6nlichkeitsentwicklung<\/strong>, der Philosophie und der <strong>Psychologie<\/strong>. Da ich damals meine Berufung noch nicht erkannte, studierte ich erstmal <strong>Betriebswirtschaftslehre<\/strong> mit dem Schwerpunkt Steuerrecht, arbeitete in <strong>Steuerkanzleien<\/strong>, die mir immer mehr aufzeigten, dass ich nicht lebe um in einem Beruf zu arbeiten, der mich nicht erf\u00fcllt und mir keinen Sinn gibt. <strong>\u201eH\u00f6her, Schneller Weiter\u201c<\/strong>, das kam mir schon damals nicht richtig vor.  Und in dieser <strong>Krise<\/strong> jetzt kommen viele ins <strong>Gr\u00fcbeln<\/strong>, die in diesem <strong>Hamsterrad gefangen<\/strong> waren. Eine <strong>Krise<\/strong> birgt auch immer eine <strong>Chance<\/strong> und ich m\u00f6chte dir <strong>helfen<\/strong> diese <strong>zu erkennen.<\/strong><\/p>\n\n\n\n<figure class=\"wp-block-image size-large is-resized\"><img loading=\"lazy\" src=\"https:\/\/verstaendnis.net\/wordpress\/wp-content\/uploads\/2021\/05\/Petra-Friedrich-Heilpraktikerin.jpg\" alt=\"Petra Friedrich, Heilpraktikerin f\u00fcr Psychotherapie &amp; Diplom Betriebswirtin\" class=\"wp-image-533\" width=\"500\" height=\"500\" srcset=\"https:\/\/verstaendnis.net\/wordpress\/wp-content\/uploads\/2021\/05\/Petra-Friedrich-Heilpraktikerin.jpg 1000w, https:\/\/verstaendnis.net\/wordpress\/wp-content\/uploads\/2021\/05\/Petra-Friedrich-Heilpraktikerin-300x300.jpg 300w, https:\/\/verstaendnis.net\/wordpress\/wp-content\/uploads\/2021\/05\/Petra-Friedrich-Heilpraktikerin-150x150.jpg 150w, https:\/\/verstaendnis.net\/wordpress\/wp-content\/uploads\/2021\/05\/Petra-Friedrich-Heilpraktikerin-768x768.jpg 768w, https:\/\/verstaendnis.net\/wordpress\/wp-content\/uploads\/2021\/05\/Petra-Friedrich-Heilpraktikerin-100x100.jpg 100w\" sizes=\"(max-width: 500px) 100vw, 500px\" \/><\/figure>\n\n\n\n<p>Nach meiner <strong>Ausbildung zur Heilpraktikerin auf dem Gebiet der Psychotherapie<\/strong> bei der Heilpraktikerschule <strong>&#8222;Quadromedica&#8220;<\/strong> in Stuttgart und der <strong>bestandenen Pr\u00fcfung<\/strong> beim Gesundheitsamt in Heilbronn, besuchte ich einige Pr\u00e4senz Seminare in M\u00fcnchen und Darmstadt beim Thermedius Institut zum Thema<strong> Hypnose<\/strong> und <strong>EMDR<\/strong> <strong>Traumatherapie<\/strong>. Ich habe das offizielle Zertifikat zum &#8222;Hypnotiseur&#8220;. Desweiteren folgten einige Seminare beim Thermedius Institut zum Thema <strong>Kinder <\/strong>Hypnose, Hypnose bei \u00c4ngsten, Zw\u00e4ngen, Phobien und Essst\u00f6rungen. Weiterbildungen in k\u00f6rperorientierter <strong>Traumatherapie<\/strong> bei Dami Charf SEI Traumaheilung f\u00fcr Therapeuten, und<strong> Kognitive Verhaltenstherapie bei Angstst\u00f6rungen und Zw\u00e4ngen <\/strong>bei der Paracelsus Schule in Mannheim. In meiner Grundausbildung bei &#8222;Quadromedica&#8220; lernte ich die Therapieverfahren: <strong>Verhaltenstherapie, Gespr\u00e4chstherapie nach Rogers, Psychoanalyse, Transaktionsanalyse, NLP (Neurolinguistisches Programmieren), l\u00f6sungsorientierte Kurzzeittherapie, Paar- und Familientherapie, medizinische Heilhypnose und Autogenes Training.<\/strong><\/p>\n\n\n\n<p><br>An dieser Stelle m\u00f6chte ich auch meinen s\u00fc\u00dfen <strong>\u201eTherapiehund\u201c Leni<\/strong> vorstellen. Sie ist gerne bei <strong>Therapie<\/strong> oder <strong>Beratungssitzungen<\/strong> mit Kindern <strong>dabei<\/strong>. Das <strong>lockert<\/strong> bei Kindern (wie auch bei Erwachsenen) die <strong>Stimmung<\/strong> gibt den Kindern ganz viel.<\/p>\n\n\n\n<figure class=\"wp-block-gallery columns-2 is-cropped\"><ul class=\"blocks-gallery-grid\"><li class=\"blocks-gallery-item\"><figure><img loading=\"lazy\" width=\"768\" height=\"1024\" src=\"https:\/\/verstaendnis.net\/wordpress\/wp-content\/uploads\/2021\/03\/81A78D47-F112-47CD-A9EC-7639810E7E25-768x1024.jpeg\" alt=\"Therapiehund Leni 01\" data-id=\"396\" data-full-url=\"https:\/\/verstaendnis.net\/wordpress\/wp-content\/uploads\/2021\/03\/81A78D47-F112-47CD-A9EC-7639810E7E25-scaled.jpeg\" data-link=\"https:\/\/verstaendnis.net\/wordpress\/81a78d47-f112-47cd-a9ec-7639810e7e25\/\" class=\"wp-image-396\" srcset=\"https:\/\/verstaendnis.net\/wordpress\/wp-content\/uploads\/2021\/03\/81A78D47-F112-47CD-A9EC-7639810E7E25-768x1024.jpeg 768w, https:\/\/verstaendnis.net\/wordpress\/wp-content\/uploads\/2021\/03\/81A78D47-F112-47CD-A9EC-7639810E7E25-225x300.jpeg 225w, https:\/\/verstaendnis.net\/wordpress\/wp-content\/uploads\/2021\/03\/81A78D47-F112-47CD-A9EC-7639810E7E25-1152x1536.jpeg 1152w, https:\/\/verstaendnis.net\/wordpress\/wp-content\/uploads\/2021\/03\/81A78D47-F112-47CD-A9EC-7639810E7E25-1536x2048.jpeg 1536w, https:\/\/verstaendnis.net\/wordpress\/wp-content\/uploads\/2021\/03\/81A78D47-F112-47CD-A9EC-7639810E7E25-scaled.jpeg 1920w\" sizes=\"(max-width: 706px) 89vw, (max-width: 767px) 82vw, 740px\" \/><\/figure><\/li><li class=\"blocks-gallery-item\"><figure><img loading=\"lazy\" width=\"768\" height=\"1024\" src=\"https:\/\/verstaendnis.net\/wordpress\/wp-content\/uploads\/2021\/03\/99342D66-CAAC-41F2-9EDD-474470893B1B-768x1024.jpeg\" alt=\"Therapiehund Leni 02\" data-id=\"397\" data-full-url=\"https:\/\/verstaendnis.net\/wordpress\/wp-content\/uploads\/2021\/03\/99342D66-CAAC-41F2-9EDD-474470893B1B-scaled.jpeg\" data-link=\"https:\/\/verstaendnis.net\/wordpress\/99342d66-caac-41f2-9edd-474470893b1b\/\" class=\"wp-image-397\" srcset=\"https:\/\/verstaendnis.net\/wordpress\/wp-content\/uploads\/2021\/03\/99342D66-CAAC-41F2-9EDD-474470893B1B-768x1024.jpeg 768w, https:\/\/verstaendnis.net\/wordpress\/wp-content\/uploads\/2021\/03\/99342D66-CAAC-41F2-9EDD-474470893B1B-225x300.jpeg 225w, https:\/\/verstaendnis.net\/wordpress\/wp-content\/uploads\/2021\/03\/99342D66-CAAC-41F2-9EDD-474470893B1B-1152x1536.jpeg 1152w, https:\/\/verstaendnis.net\/wordpress\/wp-content\/uploads\/2021\/03\/99342D66-CAAC-41F2-9EDD-474470893B1B-1536x2048.jpeg 1536w, https:\/\/verstaendnis.net\/wordpress\/wp-content\/uploads\/2021\/03\/99342D66-CAAC-41F2-9EDD-474470893B1B-scaled.jpeg 1920w\" sizes=\"(max-width: 706px) 89vw, (max-width: 767px) 82vw, 740px\" \/><\/figure><\/li><\/ul><\/figure>\n\n\n\n<p>Sie ist <strong>nicht professionell<\/strong> als Therapiehund <strong>ausgebildet<\/strong>, aber sie ist sie einfach ein <strong>Herz\u00f6ffner f\u00fcr jeden!<\/strong> <\/p>\n\n\n\n<p>Nat\u00fcrlich sind auch <strong>Sitzungen ohne Hund m\u00f6glich<\/strong>, nur sollte Ihnen bewusst sein, dass evtl. <strong>Hundehaare<\/strong> im Raum vorhanden sein k\u00f6nnten. (Obwohl diese Rasse nicht haart.)<br><br>Des Weiteren habe ich eine <strong>15 j\u00e4hrige Tochter<\/strong> und habe dadurch auch im Thema <strong>Kindererziehung<\/strong> ein gutes <strong>beratendes<\/strong> und <strong>therapeutisches Einf\u00fchlungsverm\u00f6gen<\/strong> &#8211; sowohl in das Kind als auch in den Elternteil. Ich kann <strong>viel<\/strong> aus <strong>Erfahrung<\/strong> sprechen, da auch ich <strong>nicht vor Fehlern gefeit<\/strong> bin und ich auch viele Fehler gemacht habe. Aber <strong>es ist nie zu sp\u00e4t etwas zu \u00e4ndern<\/strong> und <strong>Dinge wieder gut zu machen!<\/strong> Es geht! <strong>Sei<\/strong> auch <strong>du mutig<\/strong> und komm auf deine Knackpunkte. <strong>Manchmal<\/strong> sind es <strong>nur Kleinigkeiten<\/strong>, die einem nicht bewusst sind. <strong>Ich finde es mit dir heraus.<\/strong><\/p>\n\n\n\n<figure class=\"wp-block-image size-large\"><a class=\"\" href=\"https:\/\/verstaendnis.net\/wordpress\/fotos-videos\/\"><img loading=\"lazy\" width=\"1024\" height=\"684\" src=\"https:\/\/verstaendnis.net\/wordpress\/wp-content\/uploads\/2021\/05\/Praxisraum_Petra-Friedrich-1024x684.jpg\" alt=\"Praxisraum von Heilpraktikerin Petra Friedrich\" class=\"wp-image-489\" title=\"Weitere Fotos vom Praxisraum anzeigen\" srcset=\"https:\/\/verstaendnis.net\/wordpress\/wp-content\/uploads\/2021\/05\/Praxisraum_Petra-Friedrich-1024x684.jpg 1024w, https:\/\/verstaendnis.net\/wordpress\/wp-content\/uploads\/2021\/05\/Praxisraum_Petra-Friedrich-300x200.jpg 300w, https:\/\/verstaendnis.net\/wordpress\/wp-content\/uploads\/2021\/05\/Praxisraum_Petra-Friedrich-768x513.jpg 768w, https:\/\/verstaendnis.net\/wordpress\/wp-content\/uploads\/2021\/05\/Praxisraum_Petra-Friedrich.jpg 1200w\" sizes=\"(max-width: 706px) 89vw, (max-width: 767px) 82vw, 740px\" \/><\/a><figcaption>Wohlf\u00fchlen in meinem Praxisraum<\/figcaption><\/figure>\n\n\n\n<p><strong>Und enden m\u00f6chte ich mit einem meiner Lieblingszitate:<\/strong><br>Alle sagten: \u201eDas geht nicht!\u201c. Dann kam einer, der wusste das nicht und hat\u00b4s einfach gemacht!<\/p>\n\n\n\n<h2>Ich bin Mitglied beim:<\/h2>\n\n\n\n<figure class=\"wp-block-image size-large is-resized\"><a href=\"https:\/\/www.vfp.de\/\" target=\"_blank\" rel=\"noopener\"><img loading=\"lazy\" src=\"https:\/\/verstaendnis.net\/wordpress\/wp-content\/uploads\/2021\/05\/vfp-logo.png\" alt=\"Logo des Verband Freier Psychotherapeuten, Heilprakter f\u00fcr Psychotherapie und Psychologischer Berater e.V.\" class=\"wp-image-543\" width=\"300\" height=\"300\" title=\"Zur Internetseite www.vfp.de\" srcset=\"https:\/\/verstaendnis.net\/wordpress\/wp-content\/uploads\/2021\/05\/vfp-logo.png 900w, https:\/\/verstaendnis.net\/wordpress\/wp-content\/uploads\/2021\/05\/vfp-logo-300x300.png 300w, https:\/\/verstaendnis.net\/wordpress\/wp-content\/uploads\/2021\/05\/vfp-logo-150x150.png 150w, https:\/\/verstaendnis.net\/wordpress\/wp-content\/uploads\/2021\/05\/vfp-logo-768x768.png 768w, https:\/\/verstaendnis.net\/wordpress\/wp-content\/uploads\/2021\/05\/vfp-logo-100x100.png 100w\" sizes=\"(max-width: 300px) 100vw, 300px\" \/><\/a><\/figure>\n\n\n\n<h2>Weiterlesen &#8230;<\/h2>\n\n\n\n<p><a href=\"https:\/\/verstaendnis.net\/wordpress\/meine-arbeitsweise\/\">Meine Arbeitsweise<\/a>  | <a href=\"https:\/\/verstaendnis.net\/wordpress\/praxisraum\/\" data-type=\"page\">Praxisraum<\/a><\/p>\n","protected":false},"excerpt":{"rendered":"<p>Mein Name ist Petra Friedrich und ich bin Heilpraktikerin f\u00fcr Psychotherapie aus Berufung und Leidenschaft. Seit meiner Jugend begleitet mich das Thema der Pers\u00f6nlichkeitsentwicklung, der Philosophie und der Psychologie. Da ich damals meine Berufung noch nicht erkannte, studierte ich erstmal Betriebswirtschaftslehre mit dem Schwerpunkt Steuerrecht, arbeitete in Steuerkanzleien, die mir immer mehr aufzeigten, dass ich &hellip; <\/p>\n<p class=\"link-more\"><a href=\"https:\/\/verstaendnis.net\/wordpress\/ueber-mich\/\" class=\"more-link\"><span class=\"screen-reader-text\">\u201e\u00dcber Mich\u201c<\/span> weiterlesen<\/a><\/p>\n","protected":false},"author":1,"featured_media":0,"parent":0,"menu_order":0,"comment_status":"closed","ping_status":"closed","template":"","meta":[],"_links":{"self":[{"href":"https:\/\/verstaendnis.net\/wordpress\/wp-json\/wp\/v2\/pages\/310"}],"collection":[{"href":"https:\/\/verstaendnis.net\/wordpress\/wp-json\/wp\/v2\/pages"}],"about":[{"href":"https:\/\/verstaendnis.net\/wordpress\/wp-json\/wp\/v2\/types\/page"}],"author":[{"embeddable":true,"href":"https:\/\/verstaendnis.net\/wordpress\/wp-json\/wp\/v2\/users\/1"}],"replies":[{"embeddable":true,"href":"https:\/\/verstaendnis.net\/wordpress\/wp-json\/wp\/v2\/comments?post=310"}],"version-history":[{"count":50,"href":"https:\/\/verstaendnis.net\/wordpress\/wp-json\/wp\/v2\/pages\/310\/revisions"}],"predecessor-version":[{"id":864,"href":"https:\/\/verstaendnis.net\/wordpress\/wp-json\/wp\/v2\/pages\/310\/revisions\/864"}],"wp:attachment":[{"href":"https:\/\/verstaendnis.net\/wordpress\/wp-json\/wp\/v2\/media?parent=310"}],"curies":[{"name":"wp","href":"https:\/\/api.w.org\/{rel}","templated":true}]}}